igit of 34230?
3
What is the tens digit of 18524947?
4
What is the ten millions digit of 16487324?
1
What is the ten thousands digit of 165641?
6
What is the hundred thousands digit of 391407?
3
What is the ten thousands digit of 1401708?
0
What is the tens digit of 39152322?
2
What is the thousands digit of 25556551?
6
What is the hundred thousands digit of 2573092?
5
What is the hundreds digit of 37210?
2
What is the millions digit of 2302677?
2
What is the tens digit of 9358293?
9
What is the hundreds digit of 14789592?
5
What is the ten thousands digit of 259464?
5
What is the hundred thousands digit of 11283098?
2
What is the units digit of 317378?
8
What is the tens digit of 177104?
0
What is the tens digit of 2670843?
4
What is the hundreds digit of 349230?
2
What is the thousands digit of 2919370?
9
What is the hundred thousands digit of 9955392?
9
What is the hundreds digit of 52805?
8
What is the thousands digit of 396098?
6
What is the tens digit of 131508?
0
What is the thousands digit of 668852?
8
What is the millions digit of 3054403?
3
What is the thousands digit of 9143478?
3
What is the thousands digit of 155078?
5
What is the tens digit of 6054211?
1
What is the hundred thousands digit of 3657025?
6
What is the units digit of 881344?
4
What is the units digit of 257394?
4
What is the millions digit of 1324874?
1
What is the hundreds digit of 6997039?
0
What is the units digit of 447383?
3
What is the tens digit of 891745?
4
What is the tens digit of 714431?
3
What is the thousands digit of 3442936?
2
What is the tens digit of 1617257?
5
What is the ten thousands digit of 674536?
7
What is the ten thousands digit of 1974889?
7
What is the hundred thousands digit of 1901254?
9
What is the thousands digit of 3395831?
5
What is the ten millions digit of 10484923?
1
What is the thousands digit of 395926?
5
What is the units digit of 140769?
9
What is the tens digit of 3118610?
1
What is the thousands digit of 782450?
2
What is the units digit of 26433791?
1
What is the hundreds digit of 209782?
7
What is the hundreds digit of 2454932?
9
What is the thousands digit of 367420?
7
What is the thousands digit of 11032680?
2
What is the hundred thousands digit of 973760?
9
What is the units digit of 18182866?
6
What is the thousands digit of 969844?
9
What is the millions digit of 9395182?
9
What is the tens digit of 6937313?
1
What is the hundred thousands digit of 3223711?
2
What is the hundred thousands digit of 2372746?
3
What is the tens digit of 19058?
5
What is the ten thousands digit of 18364885?
6
What is the hundred thousands digit of 630852?
6
What is the hundred thousands digit of 517181?
5
What is the hundreds digit of 242742?
7
What is the tens digit of 3959417?
1
What is the tens digit of 1082359?
5
What is the units digit of 4512080?
0
What is the thousands digit of 14738599?
8
What is the hundreds digit of 3168027?
0
What is the ten thousands digit of 6854383?
5
What is the hundred thousands digit of 1195656?
1
What is the ten thousands digit of 345519?
4
What is the tens digit of 7288561?
6
What is the thousands digit of 1961423?
1
What is the thousands digit of 4092746?
2
What is the tens digit of 5580488?
8
What is the hundreds digit of 11142435?
4
What is the units digit of 7004659?
9
What is the hundreds digit of 4220722?
7
What is the hundred thousands digit of 9077370?
0
What is the hundred thousands digit of 3634221?
6
What is the millions digit of 2548257?
2
What is the hundred thousands digit of 1660583?
6
What is the units digit of 333281?
1
What is the tens digit of 12940319?
1
What is the tens digit of 1802629?
2
What is the hundred thousands digit of 6058171?
0
What is the hundred thousands digit of 478302?
4
What is the hundreds digit of 712?
7
What is the hundreds digit of 2337052?
0
What is the hundreds digit of 6304347?
3
What is the millions digit of 2064439?
2
What is the hundred thousands digit of 2892190?
8
What is the units digit of 80334?
4
What is the hundreds digit of 2688200?
2
What is the hundred thousands digit of 101849?
1
What is the hundreds digit of 57746?
7
What is the millions digit of 1078957?
1
What is the units digit of 2515336?
6
What is the units digit of 4798810?
0
What is the ten thousands digit of 11382639?
8
What is the tens digit of 757674?
7
What is the units digit of 38261588?
8
What is the tens digit of 893272?
7
What is the hundreds digit of 47369?
3
What is the ten thousands digit of 1573125?
7
What is the hundred thousands digit of 1365744?
3
What is the ten thousands digit of 3635137?
3
What is the ten thousands digit of 438566?
3
What is the ten thousands digit of 6741267?
4
What is the hundreds digit of 7251915?
9
What is the hundred thousands digit of 1475941?
4
What is the units digit of 23125124?
4
What is the tens digit of 491612?
1
What is the ten thousands digit of 13445517?
4
What is the thousands digit of 11669166?
9
What is the units digit of 37105?
5
What is the tens digit of 11583755?
5
What is the tens digit of 829791?
9
What is the units digit of 326388?
8
What is the ten thousands digit of 405668?
0
What is the tens digit of 479877?
7
What is the ten millions digit of 27091185?
2
What is the hundreds digit of 9480008?
0
What is the hundreds digit of 516182?
1
What is the hundreds digit of 35770978?
9
What is the ten thousands digit of 2695116?
9
What is the hundred thousands digit of 1838773?
8
What is the ten thousands digit of 2013504?
1
What is the hundred thousands digit of 8084831?
0
What is the thousands digit of 559826?
9
What is the tens digit of 17736?
3
What is the units digit of 391468?
8
What is the tens digit of 21763115?
1
What is the thousands digit of 258203?
8
What is the thousands digit of 549814?
9
What is the thousands digit of 681329?
1
What is the hundred thousands digit of 310185?
3
What is the units digit of 371696?
6
What is the ten thousands digit of 376213?
7
What is the hundreds digit of 9285790?
7
What is the units digit of 293337?
7
What is the thousands digit of 6971718?
1
What is the hundred thousands digit of 2662012?
6
What is the tens digit of 2656745?
4
What is the thousands digit of 11616020?
6
What is the units digit of 388978?
8
What is the millions digit of 1681639?
1
What is the tens digit of 3825554?
5
What is the units digit of 1407635?
5
What is the thousands digit of 14116?
4
What is the units digit of 871447?
7
What is the tens digit of 6156413?
1
What is the ten thousands digit of 64992?
6
What is the hundred thousands digit of 2441984?
4
What is the ten thousands digit of 194024?
9
What is the units digit of 16594?
4
What is the ten thousands digit of 113383?
1
What is the units digit of 3333?
3
What is the ten thousands digit of 1141116?
4
What is the units digit of 4244380?
0
What is the hundred thousands digit of 2011502?
0
What is the tens digit of 5172351?
5
What is the tens digit of 7460013?
1
What is the ten thousands digit of 644285?
4
What is the thousands digit of 188252?
8
What is the hundred thousands digit of 5875067?
8
What is the thousands digit of 410739?
0
What is the tens digit of 14264051?
5
What is the thousands digit of 3214347?
4
What is the tens digit of 2478030?
3
What is the thousands digit of 5788249?
8
What is the units digit of 531590?
0
What is the hundreds digit of 96902?
9
What is the hundred thousands digit of 1197331?
1
What is the millions digit of 16800263?
6
What is the ten thousands digit of 3103038?
0
What is the ten millions digit of 12588802?
1
What is the thousands digit of 7960313?
0
What is the thousands digit of 203772?
3
What is the tens digit of 8120525?
2
What is the tens digit of 481290?
9
What is the ten thousands digit of 335390?
3
What is the ten thousands digit of 210329?
1
What is the hundred thousands digit of 34048308?
0
What is the thousands digit of 65814?
5
What is the hundreds digit of 339528?
5
What is the hundred thousands digit of 909626?
9
What is the hundred thousands digit of 6489946?
4
What is the hundreds digit of 1990269?
2
What is the tens digit of 4064855?
5
What is the hundred thousands digit of 154266?
1
What is the millions digit of 10034202?
0
What is the ten thousands digit of 1739117?
3
What is the thousands digit of 2235187?
